{"id":1885,"date":"2025-05-06T10:29:00","date_gmt":"2025-05-06T09:29:00","guid":{"rendered":"https:\/\/kerschtinfotografie.de\/?page_id=1885"},"modified":"2026-01-12T09:26:01","modified_gmt":"2026-01-12T08:26:01","slug":"mein-angebot","status":"publish","type":"page","link":"https:\/\/kerschtinfotografie.de\/?page_id=1885","title":{"rendered":"Mein Angebot"},"content":{"rendered":"\n<p><\/p>\n\n\n\n<div class=\"wp-block-media-text is-stacked-on-mobile\" style=\"grid-template-columns:48% auto\"><figure class=\"wp-block-media-text__media\"><img loading=\"lazy\" decoding=\"async\" width=\"1024\" height=\"683\" src=\"https:\/\/kerschtinfotografie.de\/wp-content\/uploads\/2025\/04\/DSC1155-1024x683.jpg\" alt=\"\" class=\"wp-image-1712 size-full\" srcset=\"https:\/\/kerschtinfotografie.de\/wp-content\/uploads\/2025\/04\/DSC1155-1024x683.jpg 1024w, https:\/\/kerschtinfotografie.de\/wp-content\/uploads\/2025\/04\/DSC1155-300x200.jpg 300w, https:\/\/kerschtinfotografie.de\/wp-content\/uploads\/2025\/04\/DSC1155-1536x1024.jpg 1536w, https:\/\/kerschtinfotografie.de\/wp-content\/uploads\/2025\/04\/DSC1155-2048x1365.jpg 2048w, https:\/\/kerschtinfotografie.de\/wp-content\/uploads\/2025\/04\/DSC1155-2000x1333.jpg 2000w, https:\/\/kerschtinfotografie.de\/wp-content\/uploads\/2025\/04\/DSC1155-600x400.jpg 600w, https:\/\/kerschtinfotografie.de\/wp-content\/uploads\/2025\/04\/DSC1155-1200x800.jpg 1200w\" sizes=\"auto, (max-width: 1024px) 100vw, 1024px\" \/><\/figure><div class=\"wp-block-media-text__content\">\n<p>Ob Familienchaos mit Charme oder treue Pfoten mit Pers\u00f6nlichkeit  \u2013 ich biete dir liebevoll gestaltete Fotoshootings, die genau zu dir und deinem Tier passen.<br>Mit Geduld, Gef\u00fchl und einem Blick f\u00fcr das Besondere halte ich fest, was euch verbindet.<\/p>\n\n\n\n<p><\/p>\n<\/div><\/div>\n\n\n\n<p><\/p>\n\n\n\n<div class=\"wp-block-media-text has-media-on-the-right is-stacked-on-mobile\"><div class=\"wp-block-media-text__content\">\n<p>Das bekommst du bei mir:<\/p>\n\n\n\n<p>Familienshootings<br>Echt, lebendig und voller Herz \u2013 ob Zuhause, drau\u00dfen oder an eurem Lieblingsplatz.<\/p>\n\n\n\n<p>Tiershootings (Hund, Katze, Pferd)<br>Nat\u00fcrlich und stressfrei \u2013 f\u00fcr bleibende Erinnerungen an deine vierbeinigen Begleiter.<\/p>\n\n\n\n<p>Kombi-Shootings<br>Familie &amp; Tier gemeinsam vor der Kamera \u2013 f\u00fcr Bilder, die eure ganze Geschichte erz\u00e4hlen.<\/p>\n\n\n\n<p>Z\u00fcchter-Pakete &amp; Kittenreportagen<br>Professionelle Pr\u00e4sentation f\u00fcr seri\u00f6se Vermittlung &amp; bleibende Erinnerungen an die ersten Wochen.<\/p>\n\n\n\n<p><\/p>\n<\/div><figure class=\"wp-block-media-text__media\"><img loading=\"lazy\" decoding=\"async\" width=\"720\" height=\"476\" src=\"https:\/\/kerschtinfotografie.de\/wp-content\/uploads\/2025\/05\/IMG_0520.jpg\" alt=\"\" class=\"wp-image-1887 size-full\" srcset=\"https:\/\/kerschtinfotografie.de\/wp-content\/uploads\/2025\/05\/IMG_0520.jpg 720w, https:\/\/kerschtinfotografie.de\/wp-content\/uploads\/2025\/05\/IMG_0520-300x198.jpg 300w\" sizes=\"auto, (max-width: 720px) 100vw, 720px\" \/><\/figure><\/div>\n\n\n\n<div class=\"wp-block-media-text is-stacked-on-mobile\"><figure class=\"wp-block-media-text__media\"><img loading=\"lazy\" decoding=\"async\" width=\"1024\" height=\"749\" src=\"https:\/\/kerschtinfotografie.de\/wp-content\/uploads\/2024\/11\/WhatsApp-Bild-2024-11-03-um-17.22.32_ef4fc039-1024x749.jpg\" alt=\"\" class=\"wp-image-1292 size-full\" srcset=\"https:\/\/kerschtinfotografie.de\/wp-content\/uploads\/2024\/11\/WhatsApp-Bild-2024-11-03-um-17.22.32_ef4fc039-1024x749.jpg 1024w, https:\/\/kerschtinfotografie.de\/wp-content\/uploads\/2024\/11\/WhatsApp-Bild-2024-11-03-um-17.22.32_ef4fc039-300x219.jpg 300w, https:\/\/kerschtinfotografie.de\/wp-content\/uploads\/2024\/11\/WhatsApp-Bild-2024-11-03-um-17.22.32_ef4fc039.jpg 1612w\" sizes=\"auto, (max-width: 1024px) 100vw, 1024px\" \/><\/figure><div class=\"wp-block-media-text__content\">\n<p>Alle Shootings beinhalten:<\/p>\n\n\n\n<ul class=\"wp-block-list\">\n<li>pers\u00f6nliche Vorgespr\u00e4che<\/li>\n\n\n\n<li>entspannte Atmosph\u00e4re<\/li>\n\n\n\n<li>liebevolle Bildauswahl &amp; professionelle Nachbearbeitung<\/li>\n\n\n\n<li>Bildpakete mit Web- &amp; Druckdaten<\/li>\n<\/ul>\n\n\n\n<p><\/p>\n\n\n\n<p><\/p>\n\n\n\n<p><\/p>\n\n\n\n<p><\/p>\n\n\n\n<p><\/p>\n\n\n\n<p>Du m\u00f6chtest etwas ganz Individuelles?<br>Melden dich gern \u2013 wir gestalten dein Shooting so, wie es zu dir passt!<\/p>\n<\/div><\/div>\n","protected":false},"excerpt":{"rendered":"<p>Ob Familienchaos mit Charme oder treue Pfoten mit Pers\u00f6nlichkeit \u2013 ich biete dir liebevoll gestaltete Fotoshootings, die genau zu dir und deinem Tier passen.Mit Geduld, Gef\u00fchl und einem Blick f\u00fcr das Besondere halte ich fest, was euch verbindet. Das bekommst du bei mir: FamilienshootingsEcht, lebendig und voller Herz \u2013 ob Zuhause, drau\u00dfen oder an eurem &hellip; <\/p>\n<p class=\"link-more\"><a href=\"https:\/\/kerschtinfotografie.de\/?page_id=1885\" class=\"more-link\">Mehr <span class=\"screen-reader-text\">\u00fcber &#8220;Mein Angebot&#8221; <\/span>Lesen<\/a><\/p>\n","protected":false},"author":2,"featured_media":0,"parent":0,"menu_order":0,"comment_status":"closed","ping_status":"closed","template":"","meta":{"_eb_attr":"","pgc_sgb_lightbox_settings":"","inspiro_hide_title":false,"footnotes":""},"class_list":["post-1885","page","type-page","status-publish","hentry"],"yoast_head":"<!-- This site is optimized with the Yoast SEO plugin v26.8 - https:\/\/yoast.com\/product\/yoast-seo-wordpress\/ -->\n<title>Mein Angebot - KerschtinFotografie<\/title>\n<meta name=\"robots\" content=\"index, follow, max-snippet:-1, max-image-preview:large, max-video-preview:-1\" \/>\n<link rel=\"canonical\" href=\"https:\/\/kerschtinfotografie.de\/?page_id=1885\" \/>\n<meta property=\"og:locale\" content=\"de_DE\" \/>\n<meta property=\"og:type\" content=\"article\" \/>\n<meta property=\"og:title\" content=\"Mein Angebot - KerschtinFotografie\" \/>\n<meta property=\"og:description\" content=\"Ob Familienchaos mit Charme oder treue Pfoten mit Pers\u00f6nlichkeit \u2013 ich biete dir liebevoll gestaltete Fotoshootings, die genau zu dir und deinem Tier passen.Mit Geduld, Gef\u00fchl und einem Blick f\u00fcr das Besondere halte ich fest, was euch verbindet. Das bekommst du bei mir: FamilienshootingsEcht, lebendig und voller Herz \u2013 ob Zuhause, drau\u00dfen oder an eurem &hellip; Mehr \u00fcber &quot;Mein Angebot&quot; Lesen\" \/>\n<meta property=\"og:url\" content=\"https:\/\/kerschtinfotografie.de\/?page_id=1885\" \/>\n<meta property=\"og:site_name\" content=\"KerschtinFotografie\" \/>\n<meta property=\"article:modified_time\" content=\"2026-01-12T08:26:01+00:00\" \/>\n<meta property=\"og:image\" content=\"https:\/\/kerschtinfotografie.de\/wp-content\/uploads\/2025\/04\/DSC1155-1024x683.jpg\" \/>\n\t<meta property=\"og:image:width\" content=\"1024\" \/>\n\t<meta property=\"og:image:height\" content=\"683\" \/>\n\t<meta property=\"og:image:type\" content=\"image\/jpeg\" \/>\n<meta name=\"twitter:card\" content=\"summary_large_image\" \/>\n<meta name=\"twitter:label1\" content=\"Gesch\u00e4tzte Lesezeit\" \/>\n\t<meta name=\"twitter:data1\" content=\"1\u00a0Minute\" \/>\n<script type=\"application\/ld+json\" class=\"yoast-schema-graph\">{\"@context\":\"https:\/\/schema.org\",\"@graph\":[{\"@type\":\"WebPage\",\"@id\":\"https:\/\/kerschtinfotografie.de\/?page_id=1885\",\"url\":\"https:\/\/kerschtinfotografie.de\/?page_id=1885\",\"name\":\"Mein Angebot - KerschtinFotografie\",\"isPartOf\":{\"@id\":\"https:\/\/kerschtinfotografie.de\/#website\"},\"primaryImageOfPage\":{\"@id\":\"https:\/\/kerschtinfotografie.de\/?page_id=1885#primaryimage\"},\"image\":{\"@id\":\"https:\/\/kerschtinfotografie.de\/?page_id=1885#primaryimage\"},\"thumbnailUrl\":\"https:\/\/kerschtinfotografie.de\/wp-content\/uploads\/2025\/04\/DSC1155-1024x683.jpg\",\"datePublished\":\"2025-05-06T09:29:00+00:00\",\"dateModified\":\"2026-01-12T08:26:01+00:00\",\"breadcrumb\":{\"@id\":\"https:\/\/kerschtinfotografie.de\/?page_id=1885#breadcrumb\"},\"inLanguage\":\"de\",\"potentialAction\":[{\"@type\":\"ReadAction\",\"target\":[\"https:\/\/kerschtinfotografie.de\/?page_id=1885\"]}]},{\"@type\":\"ImageObject\",\"inLanguage\":\"de\",\"@id\":\"https:\/\/kerschtinfotografie.de\/?page_id=1885#primaryimage\",\"url\":\"https:\/\/kerschtinfotografie.de\/wp-content\/uploads\/2025\/04\/DSC1155.jpg\",\"contentUrl\":\"https:\/\/kerschtinfotografie.de\/wp-content\/uploads\/2025\/04\/DSC1155.jpg\",\"width\":8256,\"height\":5504},{\"@type\":\"BreadcrumbList\",\"@id\":\"https:\/\/kerschtinfotografie.de\/?page_id=1885#breadcrumb\",\"itemListElement\":[{\"@type\":\"ListItem\",\"position\":1,\"name\":\"Startseite\",\"item\":\"https:\/\/kerschtinfotografie.de\/\"},{\"@type\":\"ListItem\",\"position\":2,\"name\":\"Mein Angebot\"}]},{\"@type\":\"WebSite\",\"@id\":\"https:\/\/kerschtinfotografie.de\/#website\",\"url\":\"https:\/\/kerschtinfotografie.de\/\",\"name\":\"KerschtinFotografie\",\"description\":\"Fotografie mit Leidenschaft und Herz\",\"publisher\":{\"@id\":\"https:\/\/kerschtinfotografie.de\/#\/schema\/person\/3b0a907e4ea7892f91ac0d784b4e641c\"},\"potentialAction\":[{\"@type\":\"SearchAction\",\"target\":{\"@type\":\"EntryPoint\",\"urlTemplate\":\"https:\/\/kerschtinfotografie.de\/?s={search_term_string}\"},\"query-input\":{\"@type\":\"PropertyValueSpecification\",\"valueRequired\":true,\"valueName\":\"search_term_string\"}}],\"inLanguage\":\"de\"},{\"@type\":[\"Person\",\"Organization\"],\"@id\":\"https:\/\/kerschtinfotografie.de\/#\/schema\/person\/3b0a907e4ea7892f91ac0d784b4e641c\",\"name\":\"Kerstin Schneider\",\"image\":{\"@type\":\"ImageObject\",\"inLanguage\":\"de\",\"@id\":\"https:\/\/kerschtinfotografie.de\/#\/schema\/person\/image\/\",\"url\":\"https:\/\/kerschtinfotografie.de\/wp-content\/uploads\/2025\/10\/cropped-WhatsApp-Bild-2025-10-12-um-16.43.23_5120d7a5.jpg\",\"contentUrl\":\"https:\/\/kerschtinfotografie.de\/wp-content\/uploads\/2025\/10\/cropped-WhatsApp-Bild-2025-10-12-um-16.43.23_5120d7a5.jpg\",\"width\":2000,\"height\":1267,\"caption\":\"Kerstin Schneider\"},\"logo\":{\"@id\":\"https:\/\/kerschtinfotografie.de\/#\/schema\/person\/image\/\"},\"sameAs\":[\"http:\/\/kerschtinfotografie.de\"]}]}<\/script>\n<!-- \/ Yoast SEO plugin. -->","yoast_head_json":{"title":"Mein Angebot - KerschtinFotografie","robots":{"index":"index","follow":"follow","max-snippet":"max-snippet:-1","max-image-preview":"max-image-preview:large","max-video-preview":"max-video-preview:-1"},"canonical":"https:\/\/kerschtinfotografie.de\/?page_id=1885","og_locale":"de_DE","og_type":"article","og_title":"Mein Angebot - KerschtinFotografie","og_description":"Ob Familienchaos mit Charme oder treue Pfoten mit Pers\u00f6nlichkeit \u2013 ich biete dir liebevoll gestaltete Fotoshootings, die genau zu dir und deinem Tier passen.Mit Geduld, Gef\u00fchl und einem Blick f\u00fcr das Besondere halte ich fest, was euch verbindet. Das bekommst du bei mir: FamilienshootingsEcht, lebendig und voller Herz \u2013 ob Zuhause, drau\u00dfen oder an eurem &hellip; Mehr \u00fcber \"Mein Angebot\" Lesen","og_url":"https:\/\/kerschtinfotografie.de\/?page_id=1885","og_site_name":"KerschtinFotografie","article_modified_time":"2026-01-12T08:26:01+00:00","og_image":[{"width":1024,"height":683,"url":"https:\/\/kerschtinfotografie.de\/wp-content\/uploads\/2025\/04\/DSC1155-1024x683.jpg","type":"image\/jpeg"}],"twitter_card":"summary_large_image","twitter_misc":{"Gesch\u00e4tzte Lesezeit":"1\u00a0Minute"},"schema":{"@context":"https:\/\/schema.org","@graph":[{"@type":"WebPage","@id":"https:\/\/kerschtinfotografie.de\/?page_id=1885","url":"https:\/\/kerschtinfotografie.de\/?page_id=1885","name":"Mein Angebot - KerschtinFotografie","isPartOf":{"@id":"https:\/\/kerschtinfotografie.de\/#website"},"primaryImageOfPage":{"@id":"https:\/\/kerschtinfotografie.de\/?page_id=1885#primaryimage"},"image":{"@id":"https:\/\/kerschtinfotografie.de\/?page_id=1885#primaryimage"},"thumbnailUrl":"https:\/\/kerschtinfotografie.de\/wp-content\/uploads\/2025\/04\/DSC1155-1024x683.jpg","datePublished":"2025-05-06T09:29:00+00:00","dateModified":"2026-01-12T08:26:01+00:00","breadcrumb":{"@id":"https:\/\/kerschtinfotografie.de\/?page_id=1885#breadcrumb"},"inLanguage":"de","potentialAction":[{"@type":"ReadAction","target":["https:\/\/kerschtinfotografie.de\/?page_id=1885"]}]},{"@type":"ImageObject","inLanguage":"de","@id":"https:\/\/kerschtinfotografie.de\/?page_id=1885#primaryimage","url":"https:\/\/kerschtinfotografie.de\/wp-content\/uploads\/2025\/04\/DSC1155.jpg","contentUrl":"https:\/\/kerschtinfotografie.de\/wp-content\/uploads\/2025\/04\/DSC1155.jpg","width":8256,"height":5504},{"@type":"BreadcrumbList","@id":"https:\/\/kerschtinfotografie.de\/?page_id=1885#breadcrumb","itemListElement":[{"@type":"ListItem","position":1,"name":"Startseite","item":"https:\/\/kerschtinfotografie.de\/"},{"@type":"ListItem","position":2,"name":"Mein Angebot"}]},{"@type":"WebSite","@id":"https:\/\/kerschtinfotografie.de\/#website","url":"https:\/\/kerschtinfotografie.de\/","name":"KerschtinFotografie","description":"Fotografie mit Leidenschaft und Herz","publisher":{"@id":"https:\/\/kerschtinfotografie.de\/#\/schema\/person\/3b0a907e4ea7892f91ac0d784b4e641c"},"potentialAction":[{"@type":"SearchAction","target":{"@type":"EntryPoint","urlTemplate":"https:\/\/kerschtinfotografie.de\/?s={search_term_string}"},"query-input":{"@type":"PropertyValueSpecification","valueRequired":true,"valueName":"search_term_string"}}],"inLanguage":"de"},{"@type":["Person","Organization"],"@id":"https:\/\/kerschtinfotografie.de\/#\/schema\/person\/3b0a907e4ea7892f91ac0d784b4e641c","name":"Kerstin Schneider","image":{"@type":"ImageObject","inLanguage":"de","@id":"https:\/\/kerschtinfotografie.de\/#\/schema\/person\/image\/","url":"https:\/\/kerschtinfotografie.de\/wp-content\/uploads\/2025\/10\/cropped-WhatsApp-Bild-2025-10-12-um-16.43.23_5120d7a5.jpg","contentUrl":"https:\/\/kerschtinfotografie.de\/wp-content\/uploads\/2025\/10\/cropped-WhatsApp-Bild-2025-10-12-um-16.43.23_5120d7a5.jpg","width":2000,"height":1267,"caption":"Kerstin Schneider"},"logo":{"@id":"https:\/\/kerschtinfotografie.de\/#\/schema\/person\/image\/"},"sameAs":["http:\/\/kerschtinfotografie.de"]}]}},"featured_media_urls":[],"_links":{"self":[{"href":"https:\/\/kerschtinfotografie.de\/index.php?rest_route=\/wp\/v2\/pages\/1885","targetHints":{"allow":["GET"]}}],"collection":[{"href":"https:\/\/kerschtinfotografie.de\/index.php?rest_route=\/wp\/v2\/pages"}],"about":[{"href":"https:\/\/kerschtinfotografie.de\/index.php?rest_route=\/wp\/v2\/types\/page"}],"author":[{"embeddable":true,"href":"https:\/\/kerschtinfotografie.de\/index.php?rest_route=\/wp\/v2\/users\/2"}],"replies":[{"embeddable":true,"href":"https:\/\/kerschtinfotografie.de\/index.php?rest_route=%2Fwp%2Fv2%2Fcomments&post=1885"}],"version-history":[{"count":3,"href":"https:\/\/kerschtinfotografie.de\/index.php?rest_route=\/wp\/v2\/pages\/1885\/revisions"}],"predecessor-version":[{"id":1890,"href":"https:\/\/kerschtinfotografie.de\/index.php?rest_route=\/wp\/v2\/pages\/1885\/revisions\/1890"}],"wp:attachment":[{"href":"https:\/\/kerschtinfotografie.de\/index.php?rest_route=%2Fwp%2Fv2%2Fmedia&parent=1885"}],"curies":[{"name":"wp","href":"https:\/\/api.w.org\/{rel}","templated":true}]}}